{"id":2878,"date":"2024-07-31T08:46:10","date_gmt":"2024-07-31T07:46:10","guid":{"rendered":"https:\/\/www.trofsk.no\/?page_id=2878"},"modified":"2025-06-30T09:35:27","modified_gmt":"2025-06-30T08:35:27","slug":"book-tandem","status":"publish","type":"page","link":"https:\/\/www.trofsk.no\/?page_id=2878","title":{"rendered":"Book tandem"},"content":{"rendered":"<p>For booking kontakt oss p\u00e5\u00a0<a href=\"mailto:kurs@trofsk.no\">911skyflyer@gmail.com<\/a>\u00a0eller telefon 91118991.<\/p><p>Vi tar forbehold om v\u00e6r, operativt fly, tilgjengelig luftrom m.m.<\/p><p>Etter booking vil du motta en bekreftelse fra oss per e-post med oppm\u00f8tested og hvilke forberedelser du m\u00e5 gj\u00f8re f\u00f8r hoppet. Vi gleder oss til \u00e5 se deg i lufta!<\/p><p><\/p>","protected":false},"excerpt":{"rendered":"<p>For booking kontakt oss p\u00e5\u00a0911skyflyer@gmail.com\u00a0eller telefon 91118991. Vi tar forbehold om v\u00e6r, operativt fly, tilgjengelig luftrom m.m. Etter booking vil du motta en bekreftelse fra oss per e-post med oppm\u00f8tested og hvilke forberedelser du m\u00e5 gj\u00f8re f\u00f8r hoppet. Vi gleder oss til \u00e5 se deg i lufta!<\/p>\n","protected":false},"author":20,"featured_media":0,"parent":0,"menu_order":0,"comment_status":"closed","ping_status":"closed","template":"","meta":{"_themeisle_gutenberg_block_has_review":false,"footnotes":""},"class_list":["post-2878","page","type-page","status-publish","hentry"],"_links":{"self":[{"href":"https:\/\/www.trofsk.no\/index.php?rest_route=\/wp\/v2\/pages\/2878"}],"collection":[{"href":"https:\/\/www.trofsk.no\/index.php?rest_route=\/wp\/v2\/pages"}],"about":[{"href":"https:\/\/www.trofsk.no\/index.php?rest_route=\/wp\/v2\/types\/page"}],"author":[{"embeddable":true,"href":"https:\/\/www.trofsk.no\/index.php?rest_route=\/wp\/v2\/users\/20"}],"replies":[{"embeddable":true,"href":"https:\/\/www.trofsk.no\/index.php?rest_route=%2Fwp%2Fv2%2Fcomments&post=2878"}],"version-history":[{"count":3,"href":"https:\/\/www.trofsk.no\/index.php?rest_route=\/wp\/v2\/pages\/2878\/revisions"}],"predecessor-version":[{"id":2958,"href":"https:\/\/www.trofsk.no\/index.php?rest_route=\/wp\/v2\/pages\/2878\/revisions\/2958"}],"wp:attachment":[{"href":"https:\/\/www.trofsk.no\/index.php?rest_route=%2Fwp%2Fv2%2Fmedia&parent=2878"}],"curies":[{"name":"wp","href":"https:\/\/api.w.org\/{rel}","templated":true}]}}